 + (-2 + 3 - -1). Let o be (-5)/p*2*10. Suppose 4*c + o + 59 = 4*y, -2*y - 3*c + 17 = 0. What is the remainder when y is divided by 6?
4
Suppose -5*h - i + 0 = -16, 5*h + 2*i = 12. Let x(m) = 3*m**2 - 5*m. Calculate the remainder when 83 is divided by x(h).
27
Suppose -3*f = -2*f - 5. Calculate the remainder when 38 is divided by f.
3
Suppose 36 = q + 2*f, -5*q + f + 153 = 2*f. Suppose 21 - 450 = -39*w. What is the remainder when q is divided by w?
8
Suppose -3*j + 37 = j + 3*t, t - 17 = -2*j. Let v = 8 - 5. What is the remainder when j is divided by v?
1
Let x(j) = -6*j + 19. What is the remainder when x(-8) is divided by 18?
13
Suppose 0 = -2*w - 2*w. Suppose o - 7 = -w. Calculate the remainder when o is divided by 5.
2
Suppose 2*v + 15 = 3*v. Suppose 6 = 2*i - 5*i, -5*i + 122 = 3*u. What is the remainder when u is divided by v?
14
Suppose 0 = -4*f + 16, -2*z + 4*z + 5*f - 26 = 0. What is the remainder when 17 is divided by z?
2
Let y be 4/(-10) + (-903)/5. Let f = -111 - y. Calculate the remainder when f is divided by 18.
16
Let c be ((-2)/(-3))/(2/15). Suppose c*s = z + 101 + 84, -5*s + 175 = z. Calculate the remainder when s is divided by 13.
10
Let c(x) = -2*x + 28. Calculate the remainder when 10 is divided by c(12).
2
Let c = 78 - 45. What is the remainder when c is divided by 14?
5
Suppose 22*o - 468 = 18*o. Calculate the remainder when o is divided by 20.
17
Let s(l) = -l**2 + 7*l + 5. Let a be s(6). Suppose 2*o - a = 7. Calculate the remainder when 35 is divided by o.
8
Suppose 8 = 4*g - 8. Suppose g*t - 90 = 3*j, -47 + 13 = -2*t - 4*j. Calculate the remainder when t is divided by 12.
9
Let q be 2/4 + (-6)/(-4). Suppose 6*a + 96 = q*a. Let v = a + 41. What is the remainder when 32 is divided by v?
15
Let j = -15 - -20. Suppose 156 = 5*s + i, 4*s + s = j*i + 180. What is the remainder when s is divided by 17?
15
Let w(n) = -4*n**3 + n**2 - 1. Let q be w(-1). Calculate the remainder when 49 is divided by 52*(9/q - 2).
10
Suppose 0 = 3*b - 4*o - 133, -7*b + 211 = -2*b - 4*o. Let d = 28 + -14. What is the remainder when b is divided by d?
11
Let j = -3 - -5. Suppose 0 = j*w + 6, -3*b + 2*b + 2*w = -11. What is the remainder when 9 is divided by b?
4
Let n = 31 - 19. What is the remainder when 22 is divided by n?
10
Let g = -4 + 8. Calculate the remainder when 44 + (g/(-1))/(-4) is divided by 12.
9
Let h(j) = -j**3 + 6*j**2 - j + 8. Suppose -5*z = -g + 1, g - 2*z = 5 - 1. Let f be h(g). Suppose f*o - 3 = 29. What is the remainder when 47 is divided by o?
15
Calculate the remainder when ((-1)/1)/((-2)/54) is divided by ((-1)/2 - -1)/(7/98).
6
Suppose 2*t = 4*t - 6. Suppose n + j - 10 = 0, -2*n + t*j + 22 = -23. Calculate the remainder when 28 is divided by n.
13
Let g(a) = a**3 - 4*a**2 + 2. Let h be g(4). Let s be h*21*(1 - 3). Let j = -37 - s. Calculate the remainder when j is divided by 16.
15
What is the remainder when ((-400)/(-60))/(-1*2/(-3)) is divided by 1/2 - (-10)/4?
1
Let w = 9 + -2. What is the remainder when w is divided by 5?
2
Let n(h) = 6*h**2 - 3*h. Calculate the remainder when n(-6) is divided by 47.
46
Suppose -4*z + 158 = -2*r, r + 149 = 4*z - 4*r. Calculate the remainder when z is divided by 22.
19
Let f be 3*2 + (-3)/3. Suppose -f*x = -5*u + 150, -u + 34 = -3*x - 2*x. Calculate the remainder when 56 is divided by u.
27
Let h(t) = t**3 + 14. What is the remainder when 41 is divided by h(0)?
13
Let w(x) = x**2 + 7*x - 12. Let n(g) = -g**3 + 7*g**2 - 4*g - 1. Calculate the remainder when n(6) is divided by w(-9).
5
Let c(t) = -t**3 - 3*t**2 + 3*t - 2. Let p be c(-4). Suppose -a + 20 = 3*x - 2*a, 2*a - 16 = -p*x. Calculate the remainder when x is divided by 5.
2
Let s(k) = -6*k**3 - k. Calculate the remainder when 17 is divided by s(-1).
3
Let h be (2/(-5))/(9/(-315)). Calculate the remainder when 32 is divided by h + 1 + -1 - 3.
10
Let p = 9 + -5. Suppose -u - 4*m = u - 18, -u - 3 = -2*m. Suppose r - u*z - 27 = -2*r, -4*r + 30 = -2*z. Calculate the remainder when r is divided by p.
2
Suppose 6*m - 66 - 48 = 0. Calculate the remainder when 71 is divided by m.
14
What is the remainder when 20/2*27/18 is divided by 13?
2
Let d = 4 + 9. Let u = -29 - -43. Suppose 2*h - u - 88 = 0. Calculate the remainder when h is divided by d.
12
Let h be 13/4 + 2/(-8). Suppose c - m - 1 = 32, -4*c + h*m = -133. Calculate the remainder when c is divided by 12.
10
Suppose -2*o - 5*s = -0*o, o = -3*s - 1. Calculate the remainder when o is divided by 3.
2
Let w(f) = 9*f - 1. Let l be w(1). Suppose -i - i = -l. Let g = 4 + 7. What is the remainder when g is divided by i?
3
Let d(v) = -5*v + 0 - 1 + 4*v. Let w be d(2). What is the remainder when 46 is divided by -1 + 5 + w - -15?
14
Let n = 10 + -7. Let q = 37 + -34. Calculate the remainder when n is divided by q.
0
Suppose -54 = -2*x - 4*i, 4*i = -0*x + 2*x - 62. Let p = 69 - x. Suppose 2*j - 17 = 11. Calculate the remainder when p is divided by j.
12
Suppose -3*c + o + 37 - 6 = 0, -5*c + 2*o = -53. Suppose 656 = 5*d + 146. Suppose -h = 2*h - d. Calculate the remainder when h is divided by c.
7
Let u(y) be the third derivative of y**5/60 + y**4/8 - y**3 - 3*y**2. Calculate the remainder when 14 is divided by u(-5).
2
Let t = -204 + 285. What is the remainder when t is divided by 21?
18
Let j(t) = -t**3 + 8*t**2 - 12*t + 9. What is the remainder when 15 is divided by j(6)?
6
Let p = -1 - -18. Suppose 2 = x, 6*r - 40 = r + 5*x. Let w = r + -4. Calculate the remainder when p is divided by w.
5
Suppose -99 = -2*i - i. Suppose -3*f + 3*b + 33 = 0, -6*f + f + 31 = b. What is the remainder when i is divided by f?
5
Suppose 39 - 91 = -2*u. Calculate the remainder when u is divided by 6.
2
Suppose 2*x - 5*x + 2*i = -66, -2*x + 44 = -3*i. What is the remainder when x is divided by 9?
4
Suppose -3*z + 4*z - 13 = 0. Calculate the remainder when 49 is divided by z.
10
Let p(a) = -4*a - 4. Let s = -7 + 2. Let h(v) = 11*v - 3. What is the remainder when h(3) is divided by p(s)?
14
Suppose 3*z + 10 = -3*t + 43, -2*t = -4*z + 56. Suppose -3*p + 65 = -79. Suppose -2*i = -0*i - p. Calculate the remainder when i is divided by z.
11
Let p(y) = -10*y + 2. Let o = 59 - 16. Calculate the remainder when o is divided by p(-2).
21
Suppose -4*c + 53 = 4*w + 13, -5 = -2*c + w. Suppose 170 = c*t + 5*b, -5*t + 9*b = 4*b - 120. What is the remainder when t is divided by 15?
14
Let s be 3/(-6)*(1 - 1). Suppose -g + 14 - 6 = s. Let t(m) = -m**2 + 9*m + 3. Calculate the remainder when t(g) is divided by 6.
5
Let j = 32 + -17. What is the remainder when 88 is divided by j?
13
Let y = 53 - 35. What is the remainder when 107 is divided by y?
17
What is the remainder when 26 is divided by (-2)/5 + (-246)/(-15)?
10
Let s = -4 + 12. Let x = s - 11. Let y(d) = -d**3 - d**2 + 2*d - 3. What is the remainder when 26 is divided by y(x)?
8
Let l(h) = -h**3 + 15*h**2 - 13*h - 7. Calculate the remainder when 9 is divided by l(14).
2
Let k be 2/3*42/4. Suppose -3*u = -52 + k. Calculate the remainder when u is divided by 9.
6
Let f(p) = p**2 + 7*p. Let i be f(-6). Let o = 11 + i. Suppose 0*v + 3*l = -o*v + 136, -4*l = -4*v + 96. What is the remainder when v is divided by 14?
12
Suppose t - 17 = 8. Let d(q) = -q + 4. Let c(p) = -p + 7. Let z be c(16). Calculate the remainder when t is divided by d(z).
12
Let m = -84 - -122. Calculate the remainder when m is divided by 13.
12
Suppose -2*p = -2*l + 2 + 232, -5*l - 2*p = -571. What is the remainder when l is divided by 29?
28
Suppose -3*g + 4*g - 1 = 0, 0 = f + 5*g - 20. What is the remainder when 34 is divided by f?
4
Let p = 26 + -17. What is the remainder when 34 - (1 + -1 + 0) is divided by p?
7
Let z(y) = 3*y**2 - y + 1. Let i be z(1). Suppose 0 = -i*n + 49 - 7. What is the remainder when 27 is divided by n?
13
Let o(s) = -s**3 + 5*s**2 + 7*s - 4. Let i be o(6). Suppose i*x = 4*c - 8, -3*c - c = x + 4. What is the remainder when 5 is divided by ((-6)/x)/(12/16)?
1
Let m be 11/(3/6*-2). Let z = m - -51. What is the remainder when z is divided by 14?
12
Let a be -4 - 9*4/(-6). Suppose 0 = -2*z - 2*s + 90, 0 = -3*z + 2*z - a*s + 46. Calculate the remainder when z is divided by 12.
8
Let u(i) = 9*i**2 + 2*i - 3. Let a be u(-2). Let k = a + -26. Calculate the remainder when 7 is divided by k